{"id":11036,"date":"2021-09-26T14:14:09","date_gmt":"2021-09-26T12:14:09","guid":{"rendered":"https:\/\/staging.huebscher.net\/referenz\/gewerbebau-schaffhausen\/"},"modified":"2025-08-04T20:52:21","modified_gmt":"2025-08-04T18:52:21","slug":"gewerbebau-schaffhausen","status":"publish","type":"referenz","link":"https:\/\/www.huebscher.net\/de\/referenz\/gewerbebau-schaffhausen\/","title":{"rendered":"Anbau Gewerbebau Schaffhausen"},"content":{"rendered":"\n<p><strong>Moderne B\u00fcroarchitektur in Holz \u2013 lichtdurchflutet, funktional, identit\u00e4tsstiftend<\/strong><\/p>\n\n\n<table width=\"656\">\n<tbody>\n<tr>\n<th style=\"text-align: left;\">Erstellt:<\/th>\n<td style=\"text-align: left;\">2020<\/td>\n<\/tr>\n<tr>\n<th style=\"text-align: left;\">Ort:<\/th>\n<td>8200 Schaffhausen<\/td>\n<\/tr>\n<tr>\n<th style=\"text-align: left;\">Bauherr:<\/th>\n<td>glasMax AG<\/td>\n<\/tr>\n<tr>\n<th style=\"text-align: left;\">Architekt:<\/th>\n<td>B\u00fcrgin Eggli Partner AG \/ H\u00dcBSCHER HOLZBAU AG<\/td>\n<\/tr>\n<\/tbody>\n<\/table>\n<p>\u00a0<\/p>\n\n\n<p>Nach der erfolgreichen Umsetzung des Produktions- und Verwaltungsgeb\u00e4udes wurde H\u00dcBSCHER erneut mit dem <strong>Anbau der neuen B\u00fcroarbeitspl\u00e4tze f\u00fcr die glasMax AG<\/strong> beauftragt. Im Mittelpunkt stand dabei der Wunsch nach einem nat\u00fcrlichen, hellen und akustisch optimierten Arbeitsumfeld \u2013 umgesetzt in konsequenter <strong>Holzbauweise<\/strong>.<\/p>\n\n\n\n<p>Eine <strong>Akustikdecke aus Weisstanne<\/strong> schafft ein sp\u00fcrbar angenehmes Raumklima und sorgt gemeinsam mit den <strong>grossfl\u00e4chig integrierten Holz-Alu-Fenstern<\/strong> f\u00fcr Tageslicht und visuelle Offenheit. Der konstruktive Verbund zwischen Fenster und Tragstruktur erm\u00f6glicht grossz\u00fcgige \u00d6ffnungen, ohne statische Kompromisse.<\/p>\n\n\n\n<p>Die vorgeh\u00e4ngte <strong>Glasfassade<\/strong> greift gestalterisch die Kernkompetenz der glasMax AG auf und schafft einen klaren Bezug zwischen Funktion und Gestaltung. Auch im Innenausbau setzt H\u00dcBSCHER auf durchg\u00e4ngige Materialit\u00e4t: <strong>Weisstanne als raumbildendes Element<\/strong>, unter anderem als akustisch wirksame Raumtrenner, bringt W\u00e4rme, Struktur und Zonierung in die offene Arbeitswelt.<\/p>\n\n\n\n<p>Mit dieser Erweiterung beweist H\u00dcBSCHER einmal mehr, wie moderner <strong>B\u00fcro-Holzbau<\/strong> hohe gestalterische Anspr\u00fcche mit funktionalem Nutzen und gesunder Materialwahl vereint \u2013 nachhaltig, pr\u00e4zise und ganz im Sinne zukunftsf\u00e4higer Arbeitsr\u00e4ume.<\/p>\n","protected":false},"featured_media":10378,"template":"","class_list":{"0":"post-11036","1":"referenz","2":"type-referenz","3":"status-publish","4":"has-post-thumbnail","6":"holzhausbau-gewerbe-und-industrie","7":"entry"},"acf":[],"yoast_head":"<!-- This site is optimized with the Yoast SEO Premium plugin v25.2 (Yoast SEO v25.2) - https:\/\/yoast.com\/wordpress\/plugins\/seo\/ -->\n<title>Anbau Gewerbebau Schaffhausen - H\u00dcBSCHER HOLZBAU<\/title>\n<meta name=\"description\" content=\"Erfahren Sie mehr \u00fcber unser Referenzprojekt: Anbau Gewerbebau Schaffhausen - H\u00dcBSCHER HOLZBAU\" \/>\n<meta name=\"robots\" content=\"index, follow, max-snippet:-1, max-image-preview:large, max-video-preview:-1\" \/>\n<link rel=\"canonical\" href=\"https:\/\/www.huebscher.net\/de\/referenz\/gewerbebau-schaffhausen\/\" \/>\n<meta property=\"og:locale\" content=\"de_DE\" \/>\n<meta property=\"og:type\" content=\"article\" \/>\n<meta property=\"og:title\" content=\"Anbau Gewerbebau Schaffhausen\" \/>\n<meta property=\"og:description\" content=\"Erfahren Sie mehr \u00fcber unser Referenzprojekt: Anbau Gewerbebau Schaffhausen - H\u00dcBSCHER HOLZBAU\" \/>\n<meta property=\"og:url\" content=\"https:\/\/www.huebscher.net\/de\/referenz\/gewerbebau-schaffhausen\/\" \/>\n<meta property=\"og:site_name\" content=\"H\u00dcBSCHER HOLZBAU\" \/>\n<meta property=\"article:publisher\" content=\"http:\/\/facebook.com\/huebscher.holzbau\" \/>\n<meta property=\"article:modified_time\" content=\"2025-08-04T18:52:21+00:00\" \/>\n<meta property=\"og:image\" content=\"https:\/\/www.huebscher.net\/media\/20210913ob_41197-scaled.jpg\" \/>\n\t<meta property=\"og:image:width\" content=\"2560\" \/>\n\t<meta property=\"og:image:height\" content=\"1707\" \/>\n\t<meta property=\"og:image:type\" content=\"image\/jpeg\" \/>\n<meta name=\"twitter:card\" content=\"summary_large_image\" \/>\n<meta name=\"twitter:label1\" content=\"Gesch\u00e4tzte Lesezeit\" \/>\n\t<meta name=\"twitter:data1\" content=\"1\u00a0Minute\" \/>\n<script type=\"application\/ld+json\" class=\"yoast-schema-graph\">{\"@context\":\"https:\/\/schema.org\",\"@graph\":[{\"@type\":\"WebPage\",\"@id\":\"https:\/\/www.huebscher.net\/de\/referenz\/gewerbebau-schaffhausen\/\",\"url\":\"https:\/\/www.huebscher.net\/de\/referenz\/gewerbebau-schaffhausen\/\",\"name\":\"Anbau Gewerbebau Schaffhausen - H\u00dcBSCHER HOLZBAU\",\"isPartOf\":{\"@id\":\"https:\/\/www.huebscher.net\/ch\/#website\"},\"primaryImageOfPage\":{\"@id\":\"https:\/\/www.huebscher.net\/de\/referenz\/gewerbebau-schaffhausen\/#primaryimage\"},\"image\":{\"@id\":\"https:\/\/www.huebscher.net\/de\/referenz\/gewerbebau-schaffhausen\/#primaryimage\"},\"thumbnailUrl\":\"https:\/\/www.huebscher.net\/media\/20210913ob_41197-scaled.jpg\",\"datePublished\":\"2021-09-26T12:14:09+00:00\",\"dateModified\":\"2025-08-04T18:52:21+00:00\",\"description\":\"Erfahren Sie mehr \u00fcber unser Referenzprojekt: Anbau Gewerbebau Schaffhausen - H\u00dcBSCHER HOLZBAU\",\"breadcrumb\":{\"@id\":\"https:\/\/www.huebscher.net\/de\/referenz\/gewerbebau-schaffhausen\/#breadcrumb\"},\"inLanguage\":\"de\",\"potentialAction\":[{\"@type\":\"ReadAction\",\"target\":[\"https:\/\/www.huebscher.net\/de\/referenz\/gewerbebau-schaffhausen\/\"]}]},{\"@type\":\"ImageObject\",\"inLanguage\":\"de\",\"@id\":\"https:\/\/www.huebscher.net\/de\/referenz\/gewerbebau-schaffhausen\/#primaryimage\",\"url\":\"https:\/\/www.huebscher.net\/media\/20210913ob_41197-scaled.jpg\",\"contentUrl\":\"https:\/\/www.huebscher.net\/media\/20210913ob_41197-scaled.jpg\",\"width\":2560,\"height\":1707,\"caption\":\"Glas und Holz\"},{\"@type\":\"BreadcrumbList\",\"@id\":\"https:\/\/www.huebscher.net\/de\/referenz\/gewerbebau-schaffhausen\/#breadcrumb\",\"itemListElement\":[{\"@type\":\"ListItem\",\"position\":1,\"name\":\"Home\",\"item\":\"https:\/\/www.huebscher.net\/de\/\"},{\"@type\":\"ListItem\",\"position\":2,\"name\":\"Anbau Gewerbebau Schaffhausen\"}]},{\"@type\":\"WebSite\",\"@id\":\"https:\/\/www.huebscher.net\/ch\/#website\",\"url\":\"https:\/\/www.huebscher.net\/ch\/\",\"name\":\"H\u00fcbscher Holzbau\",\"description\":\"H\u00fcbscher Holzbau AG\",\"publisher\":{\"@id\":\"https:\/\/www.huebscher.net\/ch\/#organization\"},\"alternateName\":\"H\u00fcbscher Holzbau\",\"potentialAction\":[{\"@type\":\"SearchAction\",\"target\":{\"@type\":\"EntryPoint\",\"urlTemplate\":\"https:\/\/www.huebscher.net\/ch\/?s={search_term_string}\"},\"query-input\":{\"@type\":\"PropertyValueSpecification\",\"valueRequired\":true,\"valueName\":\"search_term_string\"}}],\"inLanguage\":\"de\"},{\"@type\":\"Organization\",\"@id\":\"https:\/\/www.huebscher.net\/ch\/#organization\",\"name\":\"H\u00fcbscher Holzbau\",\"alternateName\":\"H\u00fcbscher Holzbau\",\"url\":\"https:\/\/www.huebscher.net\/ch\/\",\"logo\":{\"@type\":\"ImageObject\",\"inLanguage\":\"de\",\"@id\":\"https:\/\/www.huebscher.net\/ch\/#\/schema\/logo\/image\/\",\"url\":\"https:\/\/www.huebscher.net\/media\/huebscher_logo_def.png\",\"contentUrl\":\"https:\/\/www.huebscher.net\/media\/huebscher_logo_def.png\",\"width\":220,\"height\":110,\"caption\":\"H\u00fcbscher Holzbau\"},\"image\":{\"@id\":\"https:\/\/www.huebscher.net\/ch\/#\/schema\/logo\/image\/\"},\"sameAs\":[\"http:\/\/facebook.com\/huebscher.holzbau\",\"https:\/\/pt.linkedin.com\/organization-guest\/company\/huebscher-holzbau\",\"https:\/\/www.instagram.com\/huebscherholzbau\/\"]}]}<\/script>\n<!-- \/ Yoast SEO Premium plugin. -->","yoast_head_json":{"title":"Anbau Gewerbebau Schaffhausen - H\u00dcBSCHER HOLZBAU","description":"Erfahren Sie mehr \u00fcber unser Referenzprojekt: Anbau Gewerbebau Schaffhausen - H\u00dcBSCHER HOLZBAU","robots":{"index":"index","follow":"follow","max-snippet":"max-snippet:-1","max-image-preview":"max-image-preview:large","max-video-preview":"max-video-preview:-1"},"canonical":"https:\/\/www.huebscher.net\/de\/referenz\/gewerbebau-schaffhausen\/","og_locale":"de_DE","og_type":"article","og_title":"Anbau Gewerbebau Schaffhausen","og_description":"Erfahren Sie mehr \u00fcber unser Referenzprojekt: Anbau Gewerbebau Schaffhausen - H\u00dcBSCHER HOLZBAU","og_url":"https:\/\/www.huebscher.net\/de\/referenz\/gewerbebau-schaffhausen\/","og_site_name":"H\u00dcBSCHER HOLZBAU","article_publisher":"http:\/\/facebook.com\/huebscher.holzbau","article_modified_time":"2025-08-04T18:52:21+00:00","og_image":[{"width":2560,"height":1707,"url":"https:\/\/www.huebscher.net\/media\/20210913ob_41197-scaled.jpg","type":"image\/jpeg"}],"twitter_card":"summary_large_image","twitter_misc":{"Gesch\u00e4tzte Lesezeit":"1\u00a0Minute"},"schema":{"@context":"https:\/\/schema.org","@graph":[{"@type":"WebPage","@id":"https:\/\/www.huebscher.net\/de\/referenz\/gewerbebau-schaffhausen\/","url":"https:\/\/www.huebscher.net\/de\/referenz\/gewerbebau-schaffhausen\/","name":"Anbau Gewerbebau Schaffhausen - H\u00dcBSCHER HOLZBAU","isPartOf":{"@id":"https:\/\/www.huebscher.net\/ch\/#website"},"primaryImageOfPage":{"@id":"https:\/\/www.huebscher.net\/de\/referenz\/gewerbebau-schaffhausen\/#primaryimage"},"image":{"@id":"https:\/\/www.huebscher.net\/de\/referenz\/gewerbebau-schaffhausen\/#primaryimage"},"thumbnailUrl":"https:\/\/www.huebscher.net\/media\/20210913ob_41197-scaled.jpg","datePublished":"2021-09-26T12:14:09+00:00","dateModified":"2025-08-04T18:52:21+00:00","description":"Erfahren Sie mehr \u00fcber unser Referenzprojekt: Anbau Gewerbebau Schaffhausen - H\u00dcBSCHER HOLZBAU","breadcrumb":{"@id":"https:\/\/www.huebscher.net\/de\/referenz\/gewerbebau-schaffhausen\/#breadcrumb"},"inLanguage":"de","potentialAction":[{"@type":"ReadAction","target":["https:\/\/www.huebscher.net\/de\/referenz\/gewerbebau-schaffhausen\/"]}]},{"@type":"ImageObject","inLanguage":"de","@id":"https:\/\/www.huebscher.net\/de\/referenz\/gewerbebau-schaffhausen\/#primaryimage","url":"https:\/\/www.huebscher.net\/media\/20210913ob_41197-scaled.jpg","contentUrl":"https:\/\/www.huebscher.net\/media\/20210913ob_41197-scaled.jpg","width":2560,"height":1707,"caption":"Glas und Holz"},{"@type":"BreadcrumbList","@id":"https:\/\/www.huebscher.net\/de\/referenz\/gewerbebau-schaffhausen\/#breadcrumb","itemListElement":[{"@type":"ListItem","position":1,"name":"Home","item":"https:\/\/www.huebscher.net\/de\/"},{"@type":"ListItem","position":2,"name":"Anbau Gewerbebau Schaffhausen"}]},{"@type":"WebSite","@id":"https:\/\/www.huebscher.net\/ch\/#website","url":"https:\/\/www.huebscher.net\/ch\/","name":"H\u00fcbscher Holzbau","description":"H\u00fcbscher Holzbau AG","publisher":{"@id":"https:\/\/www.huebscher.net\/ch\/#organization"},"alternateName":"H\u00fcbscher Holzbau","potentialAction":[{"@type":"SearchAction","target":{"@type":"EntryPoint","urlTemplate":"https:\/\/www.huebscher.net\/ch\/?s={search_term_string}"},"query-input":{"@type":"PropertyValueSpecification","valueRequired":true,"valueName":"search_term_string"}}],"inLanguage":"de"},{"@type":"Organization","@id":"https:\/\/www.huebscher.net\/ch\/#organization","name":"H\u00fcbscher Holzbau","alternateName":"H\u00fcbscher Holzbau","url":"https:\/\/www.huebscher.net\/ch\/","logo":{"@type":"ImageObject","inLanguage":"de","@id":"https:\/\/www.huebscher.net\/ch\/#\/schema\/logo\/image\/","url":"https:\/\/www.huebscher.net\/media\/huebscher_logo_def.png","contentUrl":"https:\/\/www.huebscher.net\/media\/huebscher_logo_def.png","width":220,"height":110,"caption":"H\u00fcbscher Holzbau"},"image":{"@id":"https:\/\/www.huebscher.net\/ch\/#\/schema\/logo\/image\/"},"sameAs":["http:\/\/facebook.com\/huebscher.holzbau","https:\/\/pt.linkedin.com\/organization-guest\/company\/huebscher-holzbau","https:\/\/www.instagram.com\/huebscherholzbau\/"]}]}},"_links":{"self":[{"href":"https:\/\/www.huebscher.net\/de\/wp-json\/wp\/v2\/referenz\/11036"}],"collection":[{"href":"https:\/\/www.huebscher.net\/de\/wp-json\/wp\/v2\/referenz"}],"about":[{"href":"https:\/\/www.huebscher.net\/de\/wp-json\/wp\/v2\/types\/referenz"}],"version-history":[{"count":4,"href":"https:\/\/www.huebscher.net\/de\/wp-json\/wp\/v2\/referenz\/11036\/revisions"}],"predecessor-version":[{"id":17402,"href":"https:\/\/www.huebscher.net\/de\/wp-json\/wp\/v2\/referenz\/11036\/revisions\/17402"}],"wp:featuredmedia":[{"embeddable":true,"href":"https:\/\/www.huebscher.net\/de\/wp-json\/wp\/v2\/media\/10378"}],"wp:attachment":[{"href":"https:\/\/www.huebscher.net\/de\/wp-json\/wp\/v2\/media?parent=11036"}],"curies":[{"name":"wp","href":"https:\/\/api.w.org\/{rel}","templated":true}]}}

<p><strong>Moderne Büroarchitektur in Holz – lichtdurchflutet, funktional, identitätsstiftend</strong></p>


<table width="656">
<tbody>
<tr>
<th style="text-align: left;">Erstellt:</th>
<td style="text-align: left;">2020</td>
</tr>
<tr>
<th style="text-align: left;">Ort:</th>
<td>8200 Schaffhausen</td>
</tr>
<tr>
<th style="text-align: left;">Bauherr:</th>
<td>glasMax AG</td>
</tr>
<tr>
<th style="text-align: left;">Architekt:</th>
<td>Bürgin Eggli Partner AG / HÜBSCHER HOLZBAU AG</td>
</tr>
</tbody>
</table>
<p> </p>


<p>Nach der erfolgreichen Umsetzung des Produktions- und Verwaltungsgebäudes wurde HÜBSCHER erneut mit dem <strong>Anbau der neuen Büroarbeitsplätze für die glasMax AG</strong> beauftragt. Im Mittelpunkt stand dabei der Wunsch nach einem natürlichen, hellen und akustisch optimierten Arbeitsumfeld – umgesetzt in konsequenter <strong>Holzbauweise</strong>.</p>



<p>Eine <strong>Akustikdecke aus Weisstanne</strong> schafft ein spürbar angenehmes Raumklima und sorgt gemeinsam mit den <strong>grossflächig integrierten Holz-Alu-Fenstern</strong> für Tageslicht und visuelle Offenheit. Der konstruktive Verbund zwischen Fenster und Tragstruktur ermöglicht grosszügige Öffnungen, ohne statische Kompromisse.</p>



<p>Die vorgehängte <strong>Glasfassade</strong> greift gestalterisch die Kernkompetenz der glasMax AG auf und schafft einen klaren Bezug zwischen Funktion und Gestaltung. Auch im Innenausbau setzt HÜBSCHER auf durchgängige Materialität: <strong>Weisstanne als raumbildendes Element</strong>, unter anderem als akustisch wirksame Raumtrenner, bringt Wärme, Struktur und Zonierung in die offene Arbeitswelt.</p>



<p>Mit dieser Erweiterung beweist HÜBSCHER einmal mehr, wie moderner <strong>Büro-Holzbau</strong> hohe gestalterische Ansprüche mit funktionalem Nutzen und gesunder Materialwahl vereint – nachhaltig, präzise und ganz im Sinne zukunftsfähiger Arbeitsräume.</p>

<!-- This site is optimized with the Yoast SEO Premium plugin v25.2 (Yoast SEO v25.2) - https://yoast.com/wordpress/plugins/seo/ -->
<title>Anbau Gewerbebau Schaffhausen - HÜBSCHER HOLZBAU</title>
<meta name="description" content="Erfahren Sie mehr über unser Referenzprojekt: Anbau Gewerbebau Schaffhausen - HÜBSCHER HOLZBAU" />
<meta name="robots" content="index, follow, max-snippet:-1, max-image-preview:large, max-video-preview:-1" />
<link rel="canonical" href="https://www.huebscher.net/de/referenz/gewerbebau-schaffhausen/" />
<meta property="og:locale" content="de_DE" />
<meta property="og:type" content="article" />
<meta property="og:title" content="Anbau Gewerbebau Schaffhausen" />
<meta property="og:description" content="Erfahren Sie mehr über unser Referenzprojekt: Anbau Gewerbebau Schaffhausen - HÜBSCHER HOLZBAU" />
<meta property="og:url" content="https://www.huebscher.net/de/referenz/gewerbebau-schaffhausen/" />
<meta property="og:site_name" content="HÜBSCHER HOLZBAU" />
<meta property="article:publisher" content="http://facebook.com/huebscher.holzbau" />
<meta property="article:modified_time" content="2025-08-04T18:52:21+00:00" />
<meta property="og:image" content="https://www.huebscher.net/media/20210913ob_41197-scaled.jpg" />
	<meta property="og:image:width" content="2560" />
	<meta property="og:image:height" content="1707" />
	<meta property="og:image:type" content="image/jpeg" />
<meta name="twitter:card" content="summary_large_image" />
<meta name="twitter:label1" content="Geschätzte Lesezeit" />
	<meta name="twitter:data1" content="1 Minute" />
<script type="application/ld+json" class="yoast-schema-graph">{"@context":"https://schema.org","@graph":[{"@type":"WebPage","@id":"https://www.huebscher.net/de/referenz/gewerbebau-schaffhausen/","url":"https://www.huebscher.net/de/referenz/gewerbebau-schaffhausen/","name":"Anbau Gewerbebau Schaffhausen - HÜBSCHER HOLZBAU","isPartOf":{"@id":"https://www.huebscher.net/ch/#website"},"primaryImageOfPage":{"@id":"https://www.huebscher.net/de/referenz/gewerbebau-schaffhausen/#primaryimage"},"image":{"@id":"https://www.huebscher.net/de/referenz/gewerbebau-schaffhausen/#primaryimage"},"thumbnailUrl":"https://www.huebscher.net/media/20210913ob_41197-scaled.jpg","datePublished":"2021-09-26T12:14:09+00:00","dateModified":"2025-08-04T18:52:21+00:00","description":"Erfahren Sie mehr über unser Referenzprojekt: Anbau Gewerbebau Schaffhausen - HÜBSCHER HOLZBAU","breadcrumb":{"@id":"https://www.huebscher.net/de/referenz/gewerbebau-schaffhausen/#breadcrumb"},"inLanguage":"de","potentialAction":[{"@type":"ReadAction","target":["https://www.huebscher.net/de/referenz/gewerbebau-schaffhausen/"]}]},{"@type":"ImageObject","inLanguage":"de","@id":"https://www.huebscher.net/de/referenz/gewerbebau-schaffhausen/#primaryimage","url":"https://www.huebscher.net/media/20210913ob_41197-scaled.jpg","contentUrl":"https://www.huebscher.net/media/20210913ob_41197-scaled.jpg","width":2560,"height":1707,"caption":"Glas und Holz"},{"@type":"BreadcrumbList","@id":"https://www.huebscher.net/de/referenz/gewerbebau-schaffhausen/#breadcrumb","itemListElement":[{"@type":"ListItem","position":1,"name":"Home","item":"https://www.huebscher.net/de/"},{"@type":"ListItem","position":2,"name":"Anbau Gewerbebau Schaffhausen"}]},{"@type":"WebSite","@id":"https://www.huebscher.net/ch/#website","url":"https://www.huebscher.net/ch/","name":"Hübscher Holzbau","description":"Hübscher Holzbau AG","publisher":{"@id":"https://www.huebscher.net/ch/#organization"},"alternateName":"Hübscher Holzbau","potentialAction":[{"@type":"SearchAction","target":{"@type":"EntryPoint","urlTemplate":"https://www.huebscher.net/ch/?s={search_term_string}"},"query-input":{"@type":"PropertyValueSpecification","valueRequired":true,"valueName":"search_term_string"}}],"inLanguage":"de"},{"@type":"Organization","@id":"https://www.huebscher.net/ch/#organization","name":"Hübscher Holzbau","alternateName":"Hübscher Holzbau","url":"https://www.huebscher.net/ch/","logo":{"@type":"ImageObject","inLanguage":"de","@id":"https://www.huebscher.net/ch/#/schema/logo/image/","url":"https://www.huebscher.net/media/huebscher_logo_def.png","contentUrl":"https://www.huebscher.net/media/huebscher_logo_def.png","width":220,"height":110,"caption":"Hübscher Holzbau"},"image":{"@id":"https://www.huebscher.net/ch/#/schema/logo/image/"},"sameAs":["http://facebook.com/huebscher.holzbau","https://pt.linkedin.com/organization-guest/company/huebscher-holzbau","https://www.instagram.com/huebscherholzbau/"]}]}</script>
<!-- / Yoast SEO Premium plugin. -->

Anbau Gewerbebau Schaffhausen - HÜBSCHER HOLZBAU

Erfahren Sie mehr über unser Referenzprojekt: Anbau Gewerbebau Schaffhausen - HÜBSCHER HOLZBAU

HÜBSCHER HOLZBAU

Hübscher Holzbau

Hübscher Holzbau AG
