{"id":6828,"date":"2022-09-30T14:24:54","date_gmt":"2022-09-30T12:24:54","guid":{"rendered":"https:\/\/huebscher-holzbau.ch\/?post_type=referenz&#038;p=6828"},"modified":"2025-08-04T20:46:33","modified_gmt":"2025-08-04T18:46:33","slug":"klinik-schloss-mammern","status":"publish","type":"referenz","link":"https:\/\/www.huebscher.net\/ch\/referenz\/klinik-schloss-mammern\/","title":{"rendered":"Erweiterung Bettentrakt Klinik Schloss Mammern"},"content":{"rendered":"\n<p><strong>Hochwertige Holzfassade und Terrassendecks f\u00fcr medizinische Erholung am See<\/strong><\/p>\n\n\n<table width=\"656\">\n<tbody>\n<tr>\n<th style=\"text-align: left;\">Erstellt:<\/th>\n<td style=\"text-align: left;\">2022<\/td>\n<\/tr>\n<tr>\n<th style=\"text-align: left;\">Ort:<\/th>\n<td>8265 Mammern<\/td>\n<\/tr>\n<tr>\n<th style=\"text-align: left;\">Bauherr:<\/th>\n<td>Klinik Schloss Mammern AG<\/td>\n<\/tr>\n<tr>\n<th style=\"text-align: left;\">Architekt:<\/th>\n<td>Baumann roserens Architekten AG<\/td>\n<\/tr>\n<\/tbody>\n<\/table>\n<p>&nbsp;<\/p>\n\n\n<p>F\u00fcr den Erweiterungsbau der renommierten Klinik Schloss Mammern am Untersee realisierte H\u00dcBSCHER die elegante, vorgeh\u00e4ngte <strong>Fassade aus massiver Eiche<\/strong> sowie die <strong>Terrassenbel\u00e4ge in langlebiger Thermo-Esche<\/strong>. Die nat\u00fcrlichen Materialien f\u00fcgen sich harmonisch in die parkartige Umgebung ein und unterstreichen den architektonisch hochwertigen Charakter des neuen Bettentrakts.<\/p>\n\n\n\n<p>Durch pr\u00e4zise Verarbeitung und witterungsbest\u00e4ndige Holzarten tr\u00e4gt H\u00dcBSCHER zur nachhaltigen Bauqualit\u00e4t und zur besonderen Aufenthaltsqualit\u00e4t des Klinikneubaus bei \u2013 ganz im Sinne gesunder Materialien und dem Credo: <em>Wir schaffen Lebensqualit\u00e4t.<\/em><\/p>\n","protected":false},"featured_media":6809,"template":"","class_list":{"0":"post-6828","1":"referenz","2":"type-referenz","3":"status-publish","4":"has-post-thumbnail","6":"holzhausbau-objektbau","7":"innenausbau-kategorie-terrassenrost","8":"entry"},"acf":[],"yoast_head":"<!-- This site is optimized with the Yoast SEO Premium plugin v25.2 (Yoast SEO v25.2) - https:\/\/yoast.com\/wordpress\/plugins\/seo\/ -->\n<title>Erweiterung Bettentrakt Klinik Schloss Mammern - H\u00dcBSCHER HOLZBAU<\/title>\n<meta name=\"description\" content=\"Erfahren Sie mehr \u00fcber unser Referenzprojekt: Klinik Schloss Mammern - H\u00dcBSCHER HOLZBAU\" \/>\n<meta name=\"robots\" content=\"index, follow, max-snippet:-1, max-image-preview:large, max-video-preview:-1\" \/>\n<link rel=\"canonical\" href=\"https:\/\/www.huebscher.net\/ch\/referenz\/klinik-schloss-mammern\/\" \/>\n<meta property=\"og:locale\" content=\"de_DE\" \/>\n<meta property=\"og:type\" content=\"article\" \/>\n<meta property=\"og:title\" content=\"Erweiterung Bettentrakt Klinik Schloss Mammern\" \/>\n<meta property=\"og:description\" content=\"Erfahren Sie mehr \u00fcber unser Referenzprojekt: Klinik Schloss Mammern - H\u00dcBSCHER HOLZBAU\" \/>\n<meta property=\"og:url\" content=\"https:\/\/www.huebscher.net\/ch\/referenz\/klinik-schloss-mammern\/\" \/>\n<meta property=\"og:site_name\" content=\"H\u00dcBSCHER HOLZBAU\" \/>\n<meta property=\"article:publisher\" content=\"http:\/\/facebook.com\/huebscher.holzbau\" \/>\n<meta property=\"article:modified_time\" content=\"2025-08-04T18:46:33+00:00\" \/>\n<meta property=\"og:image\" content=\"https:\/\/www.huebscher.net\/media\/20220921ob_48634-scaled.jpg\" \/>\n\t<meta property=\"og:image:width\" content=\"2560\" \/>\n\t<meta property=\"og:image:height\" content=\"1707\" \/>\n\t<meta property=\"og:image:type\" content=\"image\/jpeg\" \/>\n<meta name=\"twitter:card\" content=\"summary_large_image\" \/>\n<meta name=\"twitter:label1\" content=\"Gesch\u00e4tzte Lesezeit\" \/>\n\t<meta name=\"twitter:data1\" content=\"1 Minute\" \/>\n<script type=\"application\/ld+json\" class=\"yoast-schema-graph\">{\"@context\":\"https:\/\/schema.org\",\"@graph\":[{\"@type\":\"WebPage\",\"@id\":\"https:\/\/www.huebscher.net\/ch\/referenz\/klinik-schloss-mammern\/\",\"url\":\"https:\/\/www.huebscher.net\/ch\/referenz\/klinik-schloss-mammern\/\",\"name\":\"Erweiterung Bettentrakt Klinik Schloss Mammern - H\u00dcBSCHER HOLZBAU\",\"isPartOf\":{\"@id\":\"https:\/\/www.huebscher.net\/ch\/#website\"},\"primaryImageOfPage\":{\"@id\":\"https:\/\/www.huebscher.net\/ch\/referenz\/klinik-schloss-mammern\/#primaryimage\"},\"image\":{\"@id\":\"https:\/\/www.huebscher.net\/ch\/referenz\/klinik-schloss-mammern\/#primaryimage\"},\"thumbnailUrl\":\"https:\/\/www.huebscher.net\/media\/20220921ob_48634-scaled.jpg\",\"datePublished\":\"2022-09-30T12:24:54+00:00\",\"dateModified\":\"2025-08-04T18:46:33+00:00\",\"description\":\"Erfahren Sie mehr \u00fcber unser Referenzprojekt: Klinik Schloss Mammern - H\u00dcBSCHER HOLZBAU\",\"breadcrumb\":{\"@id\":\"https:\/\/www.huebscher.net\/ch\/referenz\/klinik-schloss-mammern\/#breadcrumb\"},\"inLanguage\":\"de-CH\",\"potentialAction\":[{\"@type\":\"ReadAction\",\"target\":[\"https:\/\/www.huebscher.net\/ch\/referenz\/klinik-schloss-mammern\/\"]}]},{\"@type\":\"ImageObject\",\"inLanguage\":\"de-CH\",\"@id\":\"https:\/\/www.huebscher.net\/ch\/referenz\/klinik-schloss-mammern\/#primaryimage\",\"url\":\"https:\/\/www.huebscher.net\/media\/20220921ob_48634-scaled.jpg\",\"contentUrl\":\"https:\/\/www.huebscher.net\/media\/20220921ob_48634-scaled.jpg\",\"width\":2560,\"height\":1707,\"caption\":\"Eichenfassade\"},{\"@type\":\"BreadcrumbList\",\"@id\":\"https:\/\/www.huebscher.net\/ch\/referenz\/klinik-schloss-mammern\/#breadcrumb\",\"itemListElement\":[{\"@type\":\"ListItem\",\"position\":1,\"name\":\"Home\",\"item\":\"https:\/\/www.huebscher.net\/ch\/\"},{\"@type\":\"ListItem\",\"position\":2,\"name\":\"Erweiterung Bettentrakt Klinik Schloss Mammern\"}]},{\"@type\":\"WebSite\",\"@id\":\"https:\/\/www.huebscher.net\/ch\/#website\",\"url\":\"https:\/\/www.huebscher.net\/ch\/\",\"name\":\"H\u00fcbscher Holzbau\",\"description\":\"H\u00fcbscher Holzbau AG\",\"publisher\":{\"@id\":\"https:\/\/www.huebscher.net\/ch\/#organization\"},\"alternateName\":\"H\u00fcbscher Holzbau\",\"potentialAction\":[{\"@type\":\"SearchAction\",\"target\":{\"@type\":\"EntryPoint\",\"urlTemplate\":\"https:\/\/www.huebscher.net\/ch\/?s={search_term_string}\"},\"query-input\":{\"@type\":\"PropertyValueSpecification\",\"valueRequired\":true,\"valueName\":\"search_term_string\"}}],\"inLanguage\":\"de-CH\"},{\"@type\":\"Organization\",\"@id\":\"https:\/\/www.huebscher.net\/ch\/#organization\",\"name\":\"H\u00fcbscher Holzbau\",\"alternateName\":\"H\u00fcbscher Holzbau\",\"url\":\"https:\/\/www.huebscher.net\/ch\/\",\"logo\":{\"@type\":\"ImageObject\",\"inLanguage\":\"de-CH\",\"@id\":\"https:\/\/www.huebscher.net\/ch\/#\/schema\/logo\/image\/\",\"url\":\"https:\/\/www.huebscher.net\/media\/huebscher_logo_def.png\",\"contentUrl\":\"https:\/\/www.huebscher.net\/media\/huebscher_logo_def.png\",\"width\":220,\"height\":110,\"caption\":\"H\u00fcbscher Holzbau\"},\"image\":{\"@id\":\"https:\/\/www.huebscher.net\/ch\/#\/schema\/logo\/image\/\"},\"sameAs\":[\"http:\/\/facebook.com\/huebscher.holzbau\",\"https:\/\/pt.linkedin.com\/organization-guest\/company\/huebscher-holzbau\",\"https:\/\/www.instagram.com\/huebscherholzbau\/\"]}]}<\/script>\n<!-- \/ Yoast SEO Premium plugin. -->","yoast_head_json":{"title":"Erweiterung Bettentrakt Klinik Schloss Mammern - H\u00dcBSCHER HOLZBAU","description":"Erfahren Sie mehr \u00fcber unser Referenzprojekt: Klinik Schloss Mammern - H\u00dcBSCHER HOLZBAU","robots":{"index":"index","follow":"follow","max-snippet":"max-snippet:-1","max-image-preview":"max-image-preview:large","max-video-preview":"max-video-preview:-1"},"canonical":"https:\/\/www.huebscher.net\/ch\/referenz\/klinik-schloss-mammern\/","og_locale":"de_DE","og_type":"article","og_title":"Erweiterung Bettentrakt Klinik Schloss Mammern","og_description":"Erfahren Sie mehr \u00fcber unser Referenzprojekt: Klinik Schloss Mammern - H\u00dcBSCHER HOLZBAU","og_url":"https:\/\/www.huebscher.net\/ch\/referenz\/klinik-schloss-mammern\/","og_site_name":"H\u00dcBSCHER HOLZBAU","article_publisher":"http:\/\/facebook.com\/huebscher.holzbau","article_modified_time":"2025-08-04T18:46:33+00:00","og_image":[{"width":2560,"height":1707,"url":"https:\/\/www.huebscher.net\/media\/20220921ob_48634-scaled.jpg","type":"image\/jpeg"}],"twitter_card":"summary_large_image","twitter_misc":{"Gesch\u00e4tzte Lesezeit":"1 Minute"},"schema":{"@context":"https:\/\/schema.org","@graph":[{"@type":"WebPage","@id":"https:\/\/www.huebscher.net\/ch\/referenz\/klinik-schloss-mammern\/","url":"https:\/\/www.huebscher.net\/ch\/referenz\/klinik-schloss-mammern\/","name":"Erweiterung Bettentrakt Klinik Schloss Mammern - H\u00dcBSCHER HOLZBAU","isPartOf":{"@id":"https:\/\/www.huebscher.net\/ch\/#website"},"primaryImageOfPage":{"@id":"https:\/\/www.huebscher.net\/ch\/referenz\/klinik-schloss-mammern\/#primaryimage"},"image":{"@id":"https:\/\/www.huebscher.net\/ch\/referenz\/klinik-schloss-mammern\/#primaryimage"},"thumbnailUrl":"https:\/\/www.huebscher.net\/media\/20220921ob_48634-scaled.jpg","datePublished":"2022-09-30T12:24:54+00:00","dateModified":"2025-08-04T18:46:33+00:00","description":"Erfahren Sie mehr \u00fcber unser Referenzprojekt: Klinik Schloss Mammern - H\u00dcBSCHER HOLZBAU","breadcrumb":{"@id":"https:\/\/www.huebscher.net\/ch\/referenz\/klinik-schloss-mammern\/#breadcrumb"},"inLanguage":"de-CH","potentialAction":[{"@type":"ReadAction","target":["https:\/\/www.huebscher.net\/ch\/referenz\/klinik-schloss-mammern\/"]}]},{"@type":"ImageObject","inLanguage":"de-CH","@id":"https:\/\/www.huebscher.net\/ch\/referenz\/klinik-schloss-mammern\/#primaryimage","url":"https:\/\/www.huebscher.net\/media\/20220921ob_48634-scaled.jpg","contentUrl":"https:\/\/www.huebscher.net\/media\/20220921ob_48634-scaled.jpg","width":2560,"height":1707,"caption":"Eichenfassade"},{"@type":"BreadcrumbList","@id":"https:\/\/www.huebscher.net\/ch\/referenz\/klinik-schloss-mammern\/#breadcrumb","itemListElement":[{"@type":"ListItem","position":1,"name":"Home","item":"https:\/\/www.huebscher.net\/ch\/"},{"@type":"ListItem","position":2,"name":"Erweiterung Bettentrakt Klinik Schloss Mammern"}]},{"@type":"WebSite","@id":"https:\/\/www.huebscher.net\/ch\/#website","url":"https:\/\/www.huebscher.net\/ch\/","name":"H\u00fcbscher Holzbau","description":"H\u00fcbscher Holzbau AG","publisher":{"@id":"https:\/\/www.huebscher.net\/ch\/#organization"},"alternateName":"H\u00fcbscher Holzbau","potentialAction":[{"@type":"SearchAction","target":{"@type":"EntryPoint","urlTemplate":"https:\/\/www.huebscher.net\/ch\/?s={search_term_string}"},"query-input":{"@type":"PropertyValueSpecification","valueRequired":true,"valueName":"search_term_string"}}],"inLanguage":"de-CH"},{"@type":"Organization","@id":"https:\/\/www.huebscher.net\/ch\/#organization","name":"H\u00fcbscher Holzbau","alternateName":"H\u00fcbscher Holzbau","url":"https:\/\/www.huebscher.net\/ch\/","logo":{"@type":"ImageObject","inLanguage":"de-CH","@id":"https:\/\/www.huebscher.net\/ch\/#\/schema\/logo\/image\/","url":"https:\/\/www.huebscher.net\/media\/huebscher_logo_def.png","contentUrl":"https:\/\/www.huebscher.net\/media\/huebscher_logo_def.png","width":220,"height":110,"caption":"H\u00fcbscher Holzbau"},"image":{"@id":"https:\/\/www.huebscher.net\/ch\/#\/schema\/logo\/image\/"},"sameAs":["http:\/\/facebook.com\/huebscher.holzbau","https:\/\/pt.linkedin.com\/organization-guest\/company\/huebscher-holzbau","https:\/\/www.instagram.com\/huebscherholzbau\/"]}]}},"_links":{"self":[{"href":"https:\/\/www.huebscher.net\/ch\/wp-json\/wp\/v2\/referenz\/6828"}],"collection":[{"href":"https:\/\/www.huebscher.net\/ch\/wp-json\/wp\/v2\/referenz"}],"about":[{"href":"https:\/\/www.huebscher.net\/ch\/wp-json\/wp\/v2\/types\/referenz"}],"version-history":[{"count":2,"href":"https:\/\/www.huebscher.net\/ch\/wp-json\/wp\/v2\/referenz\/6828\/revisions"}],"predecessor-version":[{"id":17394,"href":"https:\/\/www.huebscher.net\/ch\/wp-json\/wp\/v2\/referenz\/6828\/revisions\/17394"}],"wp:featuredmedia":[{"embeddable":true,"href":"https:\/\/www.huebscher.net\/ch\/wp-json\/wp\/v2\/media\/6809"}],"wp:attachment":[{"href":"https:\/\/www.huebscher.net\/ch\/wp-json\/wp\/v2\/media?parent=6828"}],"curies":[{"name":"wp","href":"https:\/\/api.w.org\/{rel}","templated":true}]}}

<p><strong>Hochwertige Holzfassade und Terrassendecks für medizinische Erholung am See</strong></p>


<table width="656">
<tbody>
<tr>
<th style="text-align: left;">Erstellt:</th>
<td style="text-align: left;">2022</td>
</tr>
<tr>
<th style="text-align: left;">Ort:</th>
<td>8265 Mammern</td>
</tr>
<tr>
<th style="text-align: left;">Bauherr:</th>
<td>Klinik Schloss Mammern AG</td>
</tr>
<tr>
<th style="text-align: left;">Architekt:</th>
<td>Baumann roserens Architekten AG</td>
</tr>
</tbody>
</table>
<p>&nbsp;</p>


<p>Für den Erweiterungsbau der renommierten Klinik Schloss Mammern am Untersee realisierte HÜBSCHER die elegante, vorgehängte <strong>Fassade aus massiver Eiche</strong> sowie die <strong>Terrassenbeläge in langlebiger Thermo-Esche</strong>. Die natürlichen Materialien fügen sich harmonisch in die parkartige Umgebung ein und unterstreichen den architektonisch hochwertigen Charakter des neuen Bettentrakts.</p>



<p>Durch präzise Verarbeitung und witterungsbeständige Holzarten trägt HÜBSCHER zur nachhaltigen Bauqualität und zur besonderen Aufenthaltsqualität des Klinikneubaus bei – ganz im Sinne gesunder Materialien und dem Credo: <em>Wir schaffen Lebensqualität.</em></p>

<!-- This site is optimized with the Yoast SEO Premium plugin v25.2 (Yoast SEO v25.2) - https://yoast.com/wordpress/plugins/seo/ -->
<title>Erweiterung Bettentrakt Klinik Schloss Mammern - HÜBSCHER HOLZBAU</title>
<meta name="description" content="Erfahren Sie mehr über unser Referenzprojekt: Klinik Schloss Mammern - HÜBSCHER HOLZBAU" />
<meta name="robots" content="index, follow, max-snippet:-1, max-image-preview:large, max-video-preview:-1" />
<link rel="canonical" href="https://www.huebscher.net/ch/referenz/klinik-schloss-mammern/" />
<meta property="og:locale" content="de_DE" />
<meta property="og:type" content="article" />
<meta property="og:title" content="Erweiterung Bettentrakt Klinik Schloss Mammern" />
<meta property="og:description" content="Erfahren Sie mehr über unser Referenzprojekt: Klinik Schloss Mammern - HÜBSCHER HOLZBAU" />
<meta property="og:url" content="https://www.huebscher.net/ch/referenz/klinik-schloss-mammern/" />
<meta property="og:site_name" content="HÜBSCHER HOLZBAU" />
<meta property="article:publisher" content="http://facebook.com/huebscher.holzbau" />
<meta property="article:modified_time" content="2025-08-04T18:46:33+00:00" />
<meta property="og:image" content="https://www.huebscher.net/media/20220921ob_48634-scaled.jpg" />
	<meta property="og:image:width" content="2560" />
	<meta property="og:image:height" content="1707" />
	<meta property="og:image:type" content="image/jpeg" />
<meta name="twitter:card" content="summary_large_image" />
<meta name="twitter:label1" content="Geschätzte Lesezeit" />
	<meta name="twitter:data1" content="1 Minute" />
<script type="application/ld+json" class="yoast-schema-graph">{"@context":"https://schema.org","@graph":[{"@type":"WebPage","@id":"https://www.huebscher.net/ch/referenz/klinik-schloss-mammern/","url":"https://www.huebscher.net/ch/referenz/klinik-schloss-mammern/","name":"Erweiterung Bettentrakt Klinik Schloss Mammern - HÜBSCHER HOLZBAU","isPartOf":{"@id":"https://www.huebscher.net/ch/#website"},"primaryImageOfPage":{"@id":"https://www.huebscher.net/ch/referenz/klinik-schloss-mammern/#primaryimage"},"image":{"@id":"https://www.huebscher.net/ch/referenz/klinik-schloss-mammern/#primaryimage"},"thumbnailUrl":"https://www.huebscher.net/media/20220921ob_48634-scaled.jpg","datePublished":"2022-09-30T12:24:54+00:00","dateModified":"2025-08-04T18:46:33+00:00","description":"Erfahren Sie mehr über unser Referenzprojekt: Klinik Schloss Mammern - HÜBSCHER HOLZBAU","breadcrumb":{"@id":"https://www.huebscher.net/ch/referenz/klinik-schloss-mammern/#breadcrumb"},"inLanguage":"de-CH","potentialAction":[{"@type":"ReadAction","target":["https://www.huebscher.net/ch/referenz/klinik-schloss-mammern/"]}]},{"@type":"ImageObject","inLanguage":"de-CH","@id":"https://www.huebscher.net/ch/referenz/klinik-schloss-mammern/#primaryimage","url":"https://www.huebscher.net/media/20220921ob_48634-scaled.jpg","contentUrl":"https://www.huebscher.net/media/20220921ob_48634-scaled.jpg","width":2560,"height":1707,"caption":"Eichenfassade"},{"@type":"BreadcrumbList","@id":"https://www.huebscher.net/ch/referenz/klinik-schloss-mammern/#breadcrumb","itemListElement":[{"@type":"ListItem","position":1,"name":"Home","item":"https://www.huebscher.net/ch/"},{"@type":"ListItem","position":2,"name":"Erweiterung Bettentrakt Klinik Schloss Mammern"}]},{"@type":"WebSite","@id":"https://www.huebscher.net/ch/#website","url":"https://www.huebscher.net/ch/","name":"Hübscher Holzbau","description":"Hübscher Holzbau AG","publisher":{"@id":"https://www.huebscher.net/ch/#organization"},"alternateName":"Hübscher Holzbau","potentialAction":[{"@type":"SearchAction","target":{"@type":"EntryPoint","urlTemplate":"https://www.huebscher.net/ch/?s={search_term_string}"},"query-input":{"@type":"PropertyValueSpecification","valueRequired":true,"valueName":"search_term_string"}}],"inLanguage":"de-CH"},{"@type":"Organization","@id":"https://www.huebscher.net/ch/#organization","name":"Hübscher Holzbau","alternateName":"Hübscher Holzbau","url":"https://www.huebscher.net/ch/","logo":{"@type":"ImageObject","inLanguage":"de-CH","@id":"https://www.huebscher.net/ch/#/schema/logo/image/","url":"https://www.huebscher.net/media/huebscher_logo_def.png","contentUrl":"https://www.huebscher.net/media/huebscher_logo_def.png","width":220,"height":110,"caption":"Hübscher Holzbau"},"image":{"@id":"https://www.huebscher.net/ch/#/schema/logo/image/"},"sameAs":["http://facebook.com/huebscher.holzbau","https://pt.linkedin.com/organization-guest/company/huebscher-holzbau","https://www.instagram.com/huebscherholzbau/"]}]}</script>
<!-- / Yoast SEO Premium plugin. -->

Erweiterung Bettentrakt Klinik Schloss Mammern - HÜBSCHER HOLZBAU

Erfahren Sie mehr über unser Referenzprojekt: Klinik Schloss Mammern - HÜBSCHER HOLZBAU

HÜBSCHER HOLZBAU

Hübscher Holzbau

Hübscher Holzbau AG
