{"id":5508,"date":"2020-10-19T07:18:53","date_gmt":"2020-10-19T05:18:53","guid":{"rendered":"https:\/\/huebscher-holzbau.ch\/?post_type=referenz&#038;p=5508"},"modified":"2024-09-13T12:37:48","modified_gmt":"2024-09-13T10:37:48","slug":"efh-umbau-beringen","status":"publish","type":"referenz","link":"https:\/\/www.huebscher.net\/ch\/referenz\/efh-umbau-beringen\/","title":{"rendered":"EFH Umbau Beringen"},"content":{"rendered":"<table width=\"656\">\n<tbody>\n<tr>\n<th style=\"text-align: left;\">Erstellt:<\/th>\n<td style=\"text-align: left;\">2020<\/td>\n<\/tr>\n<tr>\n<th style=\"text-align: left;\">Ort:<\/th>\n<td>\n<div>\n<div>\n<div class=\"vk_sh vk_bk\"><span class=\"desktop-title-subcontent\">8222 Beringen<\/span><\/div>\n<\/div>\n<\/div>\n<\/td>\n<\/tr>\n<tr>\n<th style=\"text-align: left;\">Bauherr:<\/th>\n<td>Fam. Ferix<\/td>\n<\/tr>\n<tr>\n<th style=\"text-align: left;\">Architekt:<\/th>\n<td>Bauherr \/ H\u00dcBSCHER HOLZBAU AG<\/td>\n<\/tr>\n<\/tbody>\n<\/table>\n<p>&nbsp;<\/p>\n","protected":false},"featured_media":5517,"template":"","class_list":{"0":"post-5508","1":"referenz","2":"type-referenz","3":"status-publish","4":"has-post-thumbnail","6":"umbau_sanierung-dachsanierung","7":"umbau_sanierung-fassadensanierung","8":"umbau_sanierung-gesamtsanierungskonzepte","9":"innenausbau-kategorie-treppen","10":"entry"},"acf":[],"yoast_head":"<!-- This site is optimized with the Yoast SEO Premium plugin v25.2 (Yoast SEO v25.2) - https:\/\/yoast.com\/wordpress\/plugins\/seo\/ -->\n<title>EFH Umbau Beringen - H\u00dcBSCHER HOLZBAU<\/title>\n<meta name=\"description\" content=\"Erfahren Sie mehr \u00fcber unser Referenzprojekt: EFH Umbau Beringen - H\u00dcBSCHER HOLZBAU\" \/>\n<meta name=\"robots\" content=\"index, follow, max-snippet:-1, max-image-preview:large, max-video-preview:-1\" \/>\n<link rel=\"canonical\" href=\"https:\/\/www.huebscher.net\/ch\/referenz\/efh-umbau-beringen\/\" \/>\n<meta property=\"og:locale\" content=\"de_DE\" \/>\n<meta property=\"og:type\" content=\"article\" \/>\n<meta property=\"og:title\" content=\"EFH Umbau Beringen\" \/>\n<meta property=\"og:description\" content=\"Erfahren Sie mehr \u00fcber unser Referenzprojekt: EFH Umbau Beringen - H\u00dcBSCHER HOLZBAU\" \/>\n<meta property=\"og:url\" content=\"https:\/\/www.huebscher.net\/ch\/referenz\/efh-umbau-beringen\/\" \/>\n<meta property=\"og:site_name\" content=\"H\u00dcBSCHER HOLZBAU\" \/>\n<meta property=\"article:publisher\" content=\"http:\/\/facebook.com\/huebscher.holzbau\" \/>\n<meta property=\"article:modified_time\" content=\"2024-09-13T10:37:48+00:00\" \/>\n<meta property=\"og:image\" content=\"https:\/\/www.huebscher.net\/media\/20201017ob_32306-1.jpg\" \/>\n\t<meta property=\"og:image:width\" content=\"2500\" \/>\n\t<meta property=\"og:image:height\" content=\"1667\" \/>\n\t<meta property=\"og:image:type\" content=\"image\/jpeg\" \/>\n<meta name=\"twitter:card\" content=\"summary_large_image\" \/>\n<meta name=\"twitter:label1\" content=\"Gesch\u00e4tzte Lesezeit\" \/>\n\t<meta name=\"twitter:data1\" content=\"1 Minute\" \/>\n<script type=\"application\/ld+json\" class=\"yoast-schema-graph\">{\"@context\":\"https:\/\/schema.org\",\"@graph\":[{\"@type\":\"WebPage\",\"@id\":\"https:\/\/www.huebscher.net\/ch\/referenz\/efh-umbau-beringen\/\",\"url\":\"https:\/\/www.huebscher.net\/ch\/referenz\/efh-umbau-beringen\/\",\"name\":\"EFH Umbau Beringen - H\u00dcBSCHER HOLZBAU\",\"isPartOf\":{\"@id\":\"https:\/\/www.huebscher.net\/ch\/#website\"},\"primaryImageOfPage\":{\"@id\":\"https:\/\/www.huebscher.net\/ch\/referenz\/efh-umbau-beringen\/#primaryimage\"},\"image\":{\"@id\":\"https:\/\/www.huebscher.net\/ch\/referenz\/efh-umbau-beringen\/#primaryimage\"},\"thumbnailUrl\":\"https:\/\/www.huebscher.net\/media\/20201017ob_32306-1.jpg\",\"datePublished\":\"2020-10-19T05:18:53+00:00\",\"dateModified\":\"2024-09-13T10:37:48+00:00\",\"description\":\"Erfahren Sie mehr \u00fcber unser Referenzprojekt: EFH Umbau Beringen - H\u00dcBSCHER HOLZBAU\",\"breadcrumb\":{\"@id\":\"https:\/\/www.huebscher.net\/ch\/referenz\/efh-umbau-beringen\/#breadcrumb\"},\"inLanguage\":\"de-CH\",\"potentialAction\":[{\"@type\":\"ReadAction\",\"target\":[\"https:\/\/www.huebscher.net\/ch\/referenz\/efh-umbau-beringen\/\"]}]},{\"@type\":\"ImageObject\",\"inLanguage\":\"de-CH\",\"@id\":\"https:\/\/www.huebscher.net\/ch\/referenz\/efh-umbau-beringen\/#primaryimage\",\"url\":\"https:\/\/www.huebscher.net\/media\/20201017ob_32306-1.jpg\",\"contentUrl\":\"https:\/\/www.huebscher.net\/media\/20201017ob_32306-1.jpg\",\"width\":2500,\"height\":1667,\"caption\":\"Umbau Holzbau Zehder Fassade\"},{\"@type\":\"BreadcrumbList\",\"@id\":\"https:\/\/www.huebscher.net\/ch\/referenz\/efh-umbau-beringen\/#breadcrumb\",\"itemListElement\":[{\"@type\":\"ListItem\",\"position\":1,\"name\":\"Home\",\"item\":\"https:\/\/www.huebscher.net\/ch\/\"},{\"@type\":\"ListItem\",\"position\":2,\"name\":\"EFH Umbau Beringen\"}]},{\"@type\":\"WebSite\",\"@id\":\"https:\/\/www.huebscher.net\/ch\/#website\",\"url\":\"https:\/\/www.huebscher.net\/ch\/\",\"name\":\"H\u00fcbscher Holzbau\",\"description\":\"H\u00fcbscher Holzbau AG\",\"publisher\":{\"@id\":\"https:\/\/www.huebscher.net\/ch\/#organization\"},\"alternateName\":\"H\u00fcbscher Holzbau\",\"potentialAction\":[{\"@type\":\"SearchAction\",\"target\":{\"@type\":\"EntryPoint\",\"urlTemplate\":\"https:\/\/www.huebscher.net\/ch\/?s={search_term_string}\"},\"query-input\":{\"@type\":\"PropertyValueSpecification\",\"valueRequired\":true,\"valueName\":\"search_term_string\"}}],\"inLanguage\":\"de-CH\"},{\"@type\":\"Organization\",\"@id\":\"https:\/\/www.huebscher.net\/ch\/#organization\",\"name\":\"H\u00fcbscher Holzbau\",\"alternateName\":\"H\u00fcbscher Holzbau\",\"url\":\"https:\/\/www.huebscher.net\/ch\/\",\"logo\":{\"@type\":\"ImageObject\",\"inLanguage\":\"de-CH\",\"@id\":\"https:\/\/www.huebscher.net\/ch\/#\/schema\/logo\/image\/\",\"url\":\"https:\/\/www.huebscher.net\/media\/huebscher_logo_def.png\",\"contentUrl\":\"https:\/\/www.huebscher.net\/media\/huebscher_logo_def.png\",\"width\":220,\"height\":110,\"caption\":\"H\u00fcbscher Holzbau\"},\"image\":{\"@id\":\"https:\/\/www.huebscher.net\/ch\/#\/schema\/logo\/image\/\"},\"sameAs\":[\"http:\/\/facebook.com\/huebscher.holzbau\",\"https:\/\/pt.linkedin.com\/organization-guest\/company\/huebscher-holzbau\",\"https:\/\/www.instagram.com\/huebscherholzbau\/\"]}]}<\/script>\n<!-- \/ Yoast SEO Premium plugin. -->","yoast_head_json":{"title":"EFH Umbau Beringen - H\u00dcBSCHER HOLZBAU","description":"Erfahren Sie mehr \u00fcber unser Referenzprojekt: EFH Umbau Beringen - H\u00dcBSCHER HOLZBAU","robots":{"index":"index","follow":"follow","max-snippet":"max-snippet:-1","max-image-preview":"max-image-preview:large","max-video-preview":"max-video-preview:-1"},"canonical":"https:\/\/www.huebscher.net\/ch\/referenz\/efh-umbau-beringen\/","og_locale":"de_DE","og_type":"article","og_title":"EFH Umbau Beringen","og_description":"Erfahren Sie mehr \u00fcber unser Referenzprojekt: EFH Umbau Beringen - H\u00dcBSCHER HOLZBAU","og_url":"https:\/\/www.huebscher.net\/ch\/referenz\/efh-umbau-beringen\/","og_site_name":"H\u00dcBSCHER HOLZBAU","article_publisher":"http:\/\/facebook.com\/huebscher.holzbau","article_modified_time":"2024-09-13T10:37:48+00:00","og_image":[{"width":2500,"height":1667,"url":"https:\/\/www.huebscher.net\/media\/20201017ob_32306-1.jpg","type":"image\/jpeg"}],"twitter_card":"summary_large_image","twitter_misc":{"Gesch\u00e4tzte Lesezeit":"1 Minute"},"schema":{"@context":"https:\/\/schema.org","@graph":[{"@type":"WebPage","@id":"https:\/\/www.huebscher.net\/ch\/referenz\/efh-umbau-beringen\/","url":"https:\/\/www.huebscher.net\/ch\/referenz\/efh-umbau-beringen\/","name":"EFH Umbau Beringen - H\u00dcBSCHER HOLZBAU","isPartOf":{"@id":"https:\/\/www.huebscher.net\/ch\/#website"},"primaryImageOfPage":{"@id":"https:\/\/www.huebscher.net\/ch\/referenz\/efh-umbau-beringen\/#primaryimage"},"image":{"@id":"https:\/\/www.huebscher.net\/ch\/referenz\/efh-umbau-beringen\/#primaryimage"},"thumbnailUrl":"https:\/\/www.huebscher.net\/media\/20201017ob_32306-1.jpg","datePublished":"2020-10-19T05:18:53+00:00","dateModified":"2024-09-13T10:37:48+00:00","description":"Erfahren Sie mehr \u00fcber unser Referenzprojekt: EFH Umbau Beringen - H\u00dcBSCHER HOLZBAU","breadcrumb":{"@id":"https:\/\/www.huebscher.net\/ch\/referenz\/efh-umbau-beringen\/#breadcrumb"},"inLanguage":"de-CH","potentialAction":[{"@type":"ReadAction","target":["https:\/\/www.huebscher.net\/ch\/referenz\/efh-umbau-beringen\/"]}]},{"@type":"ImageObject","inLanguage":"de-CH","@id":"https:\/\/www.huebscher.net\/ch\/referenz\/efh-umbau-beringen\/#primaryimage","url":"https:\/\/www.huebscher.net\/media\/20201017ob_32306-1.jpg","contentUrl":"https:\/\/www.huebscher.net\/media\/20201017ob_32306-1.jpg","width":2500,"height":1667,"caption":"Umbau Holzbau Zehder Fassade"},{"@type":"BreadcrumbList","@id":"https:\/\/www.huebscher.net\/ch\/referenz\/efh-umbau-beringen\/#breadcrumb","itemListElement":[{"@type":"ListItem","position":1,"name":"Home","item":"https:\/\/www.huebscher.net\/ch\/"},{"@type":"ListItem","position":2,"name":"EFH Umbau Beringen"}]},{"@type":"WebSite","@id":"https:\/\/www.huebscher.net\/ch\/#website","url":"https:\/\/www.huebscher.net\/ch\/","name":"H\u00fcbscher Holzbau","description":"H\u00fcbscher Holzbau AG","publisher":{"@id":"https:\/\/www.huebscher.net\/ch\/#organization"},"alternateName":"H\u00fcbscher Holzbau","potentialAction":[{"@type":"SearchAction","target":{"@type":"EntryPoint","urlTemplate":"https:\/\/www.huebscher.net\/ch\/?s={search_term_string}"},"query-input":{"@type":"PropertyValueSpecification","valueRequired":true,"valueName":"search_term_string"}}],"inLanguage":"de-CH"},{"@type":"Organization","@id":"https:\/\/www.huebscher.net\/ch\/#organization","name":"H\u00fcbscher Holzbau","alternateName":"H\u00fcbscher Holzbau","url":"https:\/\/www.huebscher.net\/ch\/","logo":{"@type":"ImageObject","inLanguage":"de-CH","@id":"https:\/\/www.huebscher.net\/ch\/#\/schema\/logo\/image\/","url":"https:\/\/www.huebscher.net\/media\/huebscher_logo_def.png","contentUrl":"https:\/\/www.huebscher.net\/media\/huebscher_logo_def.png","width":220,"height":110,"caption":"H\u00fcbscher Holzbau"},"image":{"@id":"https:\/\/www.huebscher.net\/ch\/#\/schema\/logo\/image\/"},"sameAs":["http:\/\/facebook.com\/huebscher.holzbau","https:\/\/pt.linkedin.com\/organization-guest\/company\/huebscher-holzbau","https:\/\/www.instagram.com\/huebscherholzbau\/"]}]}},"_links":{"self":[{"href":"https:\/\/www.huebscher.net\/ch\/wp-json\/wp\/v2\/referenz\/5508"}],"collection":[{"href":"https:\/\/www.huebscher.net\/ch\/wp-json\/wp\/v2\/referenz"}],"about":[{"href":"https:\/\/www.huebscher.net\/ch\/wp-json\/wp\/v2\/types\/referenz"}],"version-history":[{"count":1,"href":"https:\/\/www.huebscher.net\/ch\/wp-json\/wp\/v2\/referenz\/5508\/revisions"}],"predecessor-version":[{"id":11999,"href":"https:\/\/www.huebscher.net\/ch\/wp-json\/wp\/v2\/referenz\/5508\/revisions\/11999"}],"wp:featuredmedia":[{"embeddable":true,"href":"https:\/\/www.huebscher.net\/ch\/wp-json\/wp\/v2\/media\/5517"}],"wp:attachment":[{"href":"https:\/\/www.huebscher.net\/ch\/wp-json\/wp\/v2\/media?parent=5508"}],"curies":[{"name":"wp","href":"https:\/\/api.w.org\/{rel}","templated":true}]}}

<table width="656">
<tbody>
<tr>
<th style="text-align: left;">Erstellt:</th>
<td style="text-align: left;">2020</td>
</tr>
<tr>
<th style="text-align: left;">Ort:</th>
<td>
<div>
<div>
<div class="vk_sh vk_bk"><span class="desktop-title-subcontent">8222 Beringen</span></div>
</div>
</div>
</td>
</tr>
<tr>
<th style="text-align: left;">Bauherr:</th>
<td>Fam. Ferix</td>
</tr>
<tr>
<th style="text-align: left;">Architekt:</th>
<td>Bauherr / HÜBSCHER HOLZBAU AG</td>
</tr>
</tbody>
</table>
<p>&nbsp;</p>

<!-- This site is optimized with the Yoast SEO Premium plugin v25.2 (Yoast SEO v25.2) - https://yoast.com/wordpress/plugins/seo/ -->
<title>EFH Umbau Beringen - HÜBSCHER HOLZBAU</title>
<meta name="description" content="Erfahren Sie mehr über unser Referenzprojekt: EFH Umbau Beringen - HÜBSCHER HOLZBAU" />
<meta name="robots" content="index, follow, max-snippet:-1, max-image-preview:large, max-video-preview:-1" />
<link rel="canonical" href="https://www.huebscher.net/ch/referenz/efh-umbau-beringen/" />
<meta property="og:locale" content="de_DE" />
<meta property="og:type" content="article" />
<meta property="og:title" content="EFH Umbau Beringen" />
<meta property="og:description" content="Erfahren Sie mehr über unser Referenzprojekt: EFH Umbau Beringen - HÜBSCHER HOLZBAU" />
<meta property="og:url" content="https://www.huebscher.net/ch/referenz/efh-umbau-beringen/" />
<meta property="og:site_name" content="HÜBSCHER HOLZBAU" />
<meta property="article:publisher" content="http://facebook.com/huebscher.holzbau" />
<meta property="article:modified_time" content="2024-09-13T10:37:48+00:00" />
<meta property="og:image" content="https://www.huebscher.net/media/20201017ob_32306-1.jpg" />
	<meta property="og:image:width" content="2500" />
	<meta property="og:image:height" content="1667" />
	<meta property="og:image:type" content="image/jpeg" />
<meta name="twitter:card" content="summary_large_image" />
<meta name="twitter:label1" content="Geschätzte Lesezeit" />
	<meta name="twitter:data1" content="1 Minute" />
<script type="application/ld+json" class="yoast-schema-graph">{"@context":"https://schema.org","@graph":[{"@type":"WebPage","@id":"https://www.huebscher.net/ch/referenz/efh-umbau-beringen/","url":"https://www.huebscher.net/ch/referenz/efh-umbau-beringen/","name":"EFH Umbau Beringen - HÜBSCHER HOLZBAU","isPartOf":{"@id":"https://www.huebscher.net/ch/#website"},"primaryImageOfPage":{"@id":"https://www.huebscher.net/ch/referenz/efh-umbau-beringen/#primaryimage"},"image":{"@id":"https://www.huebscher.net/ch/referenz/efh-umbau-beringen/#primaryimage"},"thumbnailUrl":"https://www.huebscher.net/media/20201017ob_32306-1.jpg","datePublished":"2020-10-19T05:18:53+00:00","dateModified":"2024-09-13T10:37:48+00:00","description":"Erfahren Sie mehr über unser Referenzprojekt: EFH Umbau Beringen - HÜBSCHER HOLZBAU","breadcrumb":{"@id":"https://www.huebscher.net/ch/referenz/efh-umbau-beringen/#breadcrumb"},"inLanguage":"de-CH","potentialAction":[{"@type":"ReadAction","target":["https://www.huebscher.net/ch/referenz/efh-umbau-beringen/"]}]},{"@type":"ImageObject","inLanguage":"de-CH","@id":"https://www.huebscher.net/ch/referenz/efh-umbau-beringen/#primaryimage","url":"https://www.huebscher.net/media/20201017ob_32306-1.jpg","contentUrl":"https://www.huebscher.net/media/20201017ob_32306-1.jpg","width":2500,"height":1667,"caption":"Umbau Holzbau Zehder Fassade"},{"@type":"BreadcrumbList","@id":"https://www.huebscher.net/ch/referenz/efh-umbau-beringen/#breadcrumb","itemListElement":[{"@type":"ListItem","position":1,"name":"Home","item":"https://www.huebscher.net/ch/"},{"@type":"ListItem","position":2,"name":"EFH Umbau Beringen"}]},{"@type":"WebSite","@id":"https://www.huebscher.net/ch/#website","url":"https://www.huebscher.net/ch/","name":"Hübscher Holzbau","description":"Hübscher Holzbau AG","publisher":{"@id":"https://www.huebscher.net/ch/#organization"},"alternateName":"Hübscher Holzbau","potentialAction":[{"@type":"SearchAction","target":{"@type":"EntryPoint","urlTemplate":"https://www.huebscher.net/ch/?s={search_term_string}"},"query-input":{"@type":"PropertyValueSpecification","valueRequired":true,"valueName":"search_term_string"}}],"inLanguage":"de-CH"},{"@type":"Organization","@id":"https://www.huebscher.net/ch/#organization","name":"Hübscher Holzbau","alternateName":"Hübscher Holzbau","url":"https://www.huebscher.net/ch/","logo":{"@type":"ImageObject","inLanguage":"de-CH","@id":"https://www.huebscher.net/ch/#/schema/logo/image/","url":"https://www.huebscher.net/media/huebscher_logo_def.png","contentUrl":"https://www.huebscher.net/media/huebscher_logo_def.png","width":220,"height":110,"caption":"Hübscher Holzbau"},"image":{"@id":"https://www.huebscher.net/ch/#/schema/logo/image/"},"sameAs":["http://facebook.com/huebscher.holzbau","https://pt.linkedin.com/organization-guest/company/huebscher-holzbau","https://www.instagram.com/huebscherholzbau/"]}]}</script>
<!-- / Yoast SEO Premium plugin. -->

EFH Umbau Beringen - HÜBSCHER HOLZBAU

Erfahren Sie mehr über unser Referenzprojekt: EFH Umbau Beringen - HÜBSCHER HOLZBAU

HÜBSCHER HOLZBAU

Hübscher Holzbau

Hübscher Holzbau AG
